tor of 98 and 201166?
14
What is the greatest common divisor of 1107587 and 104?
13
What is the highest common divisor of 602 and 3698?
86
Calculate the greatest common divisor of 267 and 464847.
267
Calculate the greatest common divisor of 52 and 5604.
4
Calculate the greatest common divisor of 2422328 and 4.
4
Calculate the highest common divisor of 7810 and 260.
10
Calculate the greatest common divisor of 16626 and 918.
102
Calculate the greatest common divisor of 4510 and 40832.
22
Calculate the greatest common divisor of 3700 and 5277680.
740
What is the greatest common factor of 107256 and 104?
8
What is the greatest common divisor of 2754 and 425?
17
Calculate the highest common divisor of 220023 and 1124.
281
What is the greatest common divisor of 78798 and 552?
138
Calculate the greatest common factor of 128353 and 37.
37
What is the highest common factor of 50421 and 56?
7
What is the greatest common divisor of 209730 and 30?
30
What is the greatest common factor of 468 and 244998?
234
Calculate the highest common factor of 517 and 12173.
47
What is the greatest common divisor of 24 and 169752?
24
What is the highest common divisor of 48552 and 148257?
867
What is the highest common divisor of 113589 and 819?
63
What is the greatest common divisor of 340225 and 25?
25
What is the highest common factor of 83927 and 91471?
943
Calculate the greatest common divisor of 13915 and 19965.
605
What is the highest common factor of 4369 and 10537?
257
Calculate the highest common divisor of 2084 and 4324.
4
Calculate the greatest common divisor of 655 and 68251.
131
Calculate the highest common divisor of 147 and 269199.
21
Calculate the highest common factor of 2931984 and 1408.
176
Calculate the greatest common divisor of 1952371 and 127.
127
What is the highest common factor of 522557 and 931?
133
What is the highest common factor of 12939 and 171?
57
Calculate the highest common divisor of 2749131 and 315.
63
What is the highest common factor of 1125 and 10629?
9
What is the greatest common factor of 1479 and 187?
17
Calculate the greatest common factor of 210 and 2746.
2
Calculate the greatest common divisor of 249 and 391179.
249
Calculate the highest common divisor of 104 and 176072.
104
What is the highest common factor of 776149 and 407?
407
Calculate the greatest common factor of 15744 and 768.
384
Calculate the greatest common divisor of 6528 and 47634.
102
Calculate the highest common divisor of 148 and 211418.
74
Calculate the greatest common divisor of 5611 and 21080.
31
Calculate the highest common factor of 22165 and 7007.
143
What is the highest common divisor of 19 and 361?
19
Calculate the highest common divisor of 460 and 46460.
460
Calculate the greatest common divisor of 2436 and 504.
84
What is the greatest common divisor of 767940 and 12?
12
What is the highest common factor of 33104 and 1640?
8
Calculate the highest common factor of 21385 and 11375.
455
What is the greatest common factor of 184 and 2248388?
92
Calculate the highest common divisor of 70266 and 4541.
239
What is the highest common divisor of 31903 and 18828?
523
Calculate the highest common factor of 37 and 588.
1
What is the greatest common factor of 2419527 and 157?
157
Calculate the greatest common factor of 68 and 548692.
68
What is the greatest common factor of 272898 and 18?
18
What is the highest common factor of 1070114 and 222?
74
Calculate the greatest common divisor of 15364 and 26588.
92
What is the highest common factor of 404501 and 92?
23
Calculate the greatest common factor of 8292 and 1.
1
What is the highest common divisor of 48213 and 108114?
1461
What is the greatest common factor of 14008 and 51?
17
What is the greatest common divisor of 13668 and 1836?
204
What is the highest common factor of 3393 and 171?
9
Calculate the highest common factor of 11837 and 17024.
133
Calculate the highest common factor of 9 and 422973.
9
Calculate the greatest common factor of 196736 and 424.
424
What is the highest common factor of 2934 and 174?
6
What is the highest common factor of 676880 and 10?
10
What is the greatest common factor of 1114 and 285741?
557
Calculate the highest common divisor of 144 and 94800.
48
Calculate the highest common factor of 418 and 2628593.
209
What is the highest common divisor of 674 and 81891?
337
What is the greatest common factor of 92 and 1550407?
23
What is the highest common factor of 1492714 and 1346?
1346
What is the greatest common factor of 42924 and 3139?
73
Calculate the highest common divisor of 52 and 27508.
52
What is the highest common divisor of 26 and 38987?
13
What is the highest common divisor of 848 and 4717?
53
What is the highest common divisor of 16772 and 28?
28
Calculate the highest common divisor of 171 and 5016.
57
Calculate the greatest common factor of 672711 and 26.
13
What is the highest common divisor of 152 and 1714408?
152
Calculate the highest common divisor of 1145 and 4555955.
1145
What is the highest common divisor of 6 and 3170778?
6
What is the greatest common factor of 40 and 3120740?
20
What is the greatest common factor of 3156 and 680907?
789
Calculate the greatest common divisor of 446078 and 29.
29
Calculate the highest common divisor of 4509 and 3375.
27
Calculate the greatest common divisor of 101523 and 258.
129
What is the greatest common divisor of 1524 and 276?
12
What is the highest common factor of 22704 and 231?
33
What is the greatest common factor of 14 and 13722380?
14
Calculate the greatest common divisor of 70074 and 1224.
306
What is the highest common factor of 268673 and 82?
41
What is the highest common factor of 819720 and 2430?
810
Calculate the greatest common divisor of 9861 and 8823.
519
Calculate the greatest common factor of 132156 and 1800.
36
Calculate the greatest common factor of 497052 and 54.
18
Calculate the highest common divisor of 434 and 4578.
14
Calculate the greatest common factor of 152 and 1501.
19
Calculate the greatest common divisor of 155 and 9686570.
155
Calculate the greatest common factor of 16 and 333936.
16
What is the greatest common factor of 19392415 and 2065?
2065
What is the greatest common factor of 1728 and 52?
4
Calculate the highest common divisor of 18122 and 88478.
1066
Calculate the highest common factor of 9631 and 17.
1
Calculate the greatest common divisor of 464772 and 154.
154
Calculate the highest common factor of 16 and 27926.
2
What is the highest common factor of 873 and 23622507?
873
Calculate the highest common divisor of 213944 and 11656.
376
What is the greatest common factor of 373846 and 22?
22
Calculate the greatest common divisor of 4067 and 3486.
581
Calculate the greatest common factor of 13206 and 24366.
186
What is the greatest common factor of 1470 and 7410?
30
What is the greatest common divisor of 416108 and 49?
49
Calculate the highest common divisor of 2 and 5345.
1
Calculate the highest common factor of 560294 and 518.
14
What is the greatest common factor of 94146 and 221?
221
Calculate the highest common divisor of 42 and 3285807.
21
Calculate the greatest common factor of 296 and 15955732.
148
Calculate the highest common divisor of 290857 and 1813.
259
Calculate the highest common divisor of 414 and 57006.
18
What is the greatest common factor of 10673880 and 15?
15
What is the highest common factor of 174888 and 588?
84
Calculate the highest common divisor of 148 and 72594.
74
What is the highest common divisor of 2003989 and 52?
13
Calculate the highest common factor of 4250 and 80.
10
What is the highest common divisor of 510963 and 2172?
543
What is the greatest common divisor of 1779678 and 54?
54
What is the greatest common factor of 3 and 857889?
3
Calculate the highest common divisor of 620325 and 225.
225
Calculate the greatest common divisor of 132 and 247302.
66
Calculate the highest common divisor of 2982 and 34902.
42
What is the greatest common factor of 18 and 405?
9
What is the greatest common divisor of 585441 and 108?
27
What is the highest common divisor of 2580 and 13980?
60
What is the greatest common factor of 87426 and 594?
54
What is the greatest common factor of 8668 and 6941?
11
Calculate the greatest common divisor of 182 and 1097278.
182
What is t